 - 51*s + s. Let y be a(-3). Determine j(y).
6
Let l = 689 - 673. Let c(m) = 2*m - 22. Calculate c(l).
10
Let v(r) = 3*r**2 + 4*r + 3. Let f(i) = i**2 - i - 1. Let p(k) = -4*f(k) - v(k). Suppose 3*t - 27 = 3*x, 4*t + 359*x - 16 = 361*x. Give p(t).
-6
Let i(a) = -a**3 + 47*a**2 - 52*a + 276. Let q be i(46). Let y(b) = -3*b + 8. Let c(s) = -s + 3. Let t(m) = -8*c(m) + 3*y(m). Give t(q).
0
Suppose 3*z = 5*z + 18. Let o(q) = -7*q + 23. Let u(s) = -16*s + 58. Let n(v) = 7*o(v) - 3*u(v). Give n(z).
-4
Let t(n) = -n - 2*n + 3*n - 5*n**2 + 4 - 2*n. Let c = -1565 - -1562. Determine t(c).
-35
Let t(a) = a**2 - 4*a + 2. Let s be 0 - -14 - (28 + -32). Suppose 49*u + s = 55*u. What is t(u)?
-1
Let y(g) be the third derivative of 171*g**2 + 1/120*g**6 + 0*g + 0 + 0*g**4 - 2/15*g**5 + 7/6*g**3. What is y(8)?
7
Let s(j) = 8*j - 1. Let p(v) = 4*v**3 + 24*v**2 - 25*v + 16. Let n be p(-7). What is s(n)?
-41
Let i(j) = j**3 - 5*j**2 - 5*j - 1. Let s be i(6). Suppose -n - s*q + 8 = 0, 0*q - 12 = -4*q. Let x(v) = -4*v + 6 - v**2 + 2*v + 3 - 4*v. What is x(n)?
2
Suppose -4*v + v = 6, 0 = -d + v + 25. Let n(y) = 3 + 23*y - 52*y + d*y. Give n(2).
-9
Suppose c + 6 = 0, 5*f + 147 - 117 = -5*c. Let a(g) = g**3 + 2*g + 34. Calculate a(f).
34
Let j = -25 - 2. Let w(f) = -2*f**2 - 52*f + 13. What is w(j)?
-41
Let l(d) = -41*d**2 + 329*d - 13. Let p be l(8). Let c(j) be the first derivative of 3*j**2/2 + 4*j - 7. Give c(p).
-11
Let s(a) be the second derivative of -1/2*a**2 + 0 + 1/6*a**3 - 8*a. Suppose 35 - 140 = -35*m. Calculate s(m).
2
Suppose -6*t + t = -25, -5*d = -t - 30. Let b(i) = -6*i**3 + i + 2. Let x(g) = -4 - 10*g + 3*g + 6*g + 11*g**3 - g**2. Let u(k) = d*b(k) + 4*x(k). What is u(2)?
4
Suppose -4*k - 5*g + 230 = -29, 5*k - 2*g = 332. Suppose 8*z - k = 7*z. Let a(s) = s**2 - 4*s - s**3 - z + 68 + 4*s**2. Calculate a(3).
8
Suppose 3*i - 13*d + 17*d + 53 = 0, -2*i - 42 = d. Let s(c) = c**3 + 24*c**2 + 24*c + 10. Determine s(i).
-13
Suppose 11 + 17 = 4*s. Suppose 6*w + 1 - s = 0. Let n(r) = r**2 - 7. Let l(k) = 3. Let i(q) = 5*l(q) + 2*n(q). What is i(w)?
3
Let v(r) be the first derivative of r**3/3 + 2*r**2 - 5*r - 3. Suppose 0 = 7*c + 50 - 71. Let q be (10/15)/((-4)/6) - c. Determine v(q).
-5
Let x be -1 + -1 + 7 + 0. Let d = 85 - 73. Let n(q) = -5 + d*q - 2 - 21*q + 10*q. Give n(x).
-2
Let o(u) = -3 + u**2 - 4*u**2 + 2*u**2 + 5*u + 0. Let y = 54 - 40. Let n(h) = -3*h + 48. Let t be n(y). Give o(t).
-9
Let n(o) = 18*o**2 + 27*o + 3. Let w(l) = 35*l**2 + 47*l + 4. Let g(p) = 7*n(p) - 4*w(p). Give g(-3).
-124
Let j(s) = -18*s**2 + 7*s - 28*s**2 - 28*s**2 - 24*s**2 + 103*s**2 + s**3 + 1. Determine j(-5).
-34
Let i = 1 + 2. Suppose -2*s - i*s + 10 = 0. Let o(a) = 25 - 62 + 16*a - 18*a + 18 + 18. Give o(s).
-5
Suppose f + 5*b - 22 = 0, -5*f - 5 = -3*b - 3. Let y(z) = -2*z + 0*z + 45*z**2 + 2 - 2*z - 46*z**f - 5. Give y(-6).
-15
Let n(i) = i**3 + 5*i**2 - 8*i + 5. Let p(q) = 10*q + 60. Let z be p(-6). Suppose 2*r - r - 4*w + 22 = z, 2*r = -4*w + 4. What is n(r)?
17
Let r(o) = 2*o**2 + 14*o - 83. Let z be r(-11). Let p(d) be the third derivative of 0*d - 1/60*d**5 - 6*d**2 + 0 - 5/6*d**3 + 5/24*d**4. Calculate p(z).
-5
Let g(q) be the first derivative of 2*q**3/3 - 3*q**2/2 - 1. Let j(c) = 4*c**3 - c. Let u = 72 - 71. Let l be j(u). Calculate g(l).
9
Let n(l) = -2*l**3 - 2*l**2 + 2*l - 2. Let u = -88 - -103. Suppose 7*o = u*o + 24. Determine n(o).
28
Let m(c) = c**3 + 6 - 45*c**2 - 20 - 4*c + 46 + 31*c**2. Calculate m(14).
-24
Let j be -4*((5 - 3 - -3) + (-4)/1). Let s(u) = -3*u**2 + u + 3. Give s(j).
-49
Suppose -a - b - 15 + 1 = 0, 4*a - 3*b = -63. Let n be ((-40)/a - 0)*(-3)/(-2). Let m(z) = 8 + 2*z**2 - n*z + 5 - 3*z**2 - 10. Calculate m(-5).
-2
Let g = 7 - 17. Let r be 3/(g/(-45) + (-11)/9). Let j(z) = z + 7. Let m(c) = 1. Let l(x) = -j(x) + 4*m(x). Determine l(r).
0
Let j = -258 + 266. Let p(q) = 11*q - 22. Let a(r) = -5*r + 11. Let z(n) = 5*a(n) + 2*p(n). Give z(j).
-13
Suppose -5*i - 2*c + 431 = -79, -c + 411 = 4*i. Suppose -18*j - i = -20*j. Let p = -46 + j. Let x(w) = 2*w - 8. Give x(p).
4
Suppose 11*l - 103 + 26 = 0. Let b(y) = -16*y - 13*y - l*y - 7 + 35*y. Determine b(-6).
-1
Let w(p) be the first derivative of 2*p**2 - 11*p - 1604. Give w(2).
-3
Let a be 21/7 - (3 - (-4)/(-2)). Let z(v) = 3*v**2 + a + 2*v - 8*v**2 + 7*v**2 - 3*v**2. Give z(2).
2
Let f(z) = 2*z**3 - 2*z + 1. Let p(b) = -b**2 + 4*b + 83. Let g be p(13). Let q = 35 + g. Calculate f(q).
1
Let w = 5248 - 5254. Let u(y) be the third derivative of y**5/60 + y**4/4 + 11*y**3/6 + 61*y**2. Give u(w).
11
Let l be (-454)/7491 + 262/(-33). Let q(z) = 2*z**3 + 16*z**2 - 5*z - 13. What is q(l)?
27
Let k(u) = -11*u - 112*u**2 + 34 - 50 - 88*u**2 + 199*u**2. Let a be (-2)/(-4) - 68/8. Give k(a).
8
Let p(w) be the second derivative of 78*w + 1/6*w**3 - 2 - 3/2*w**2. Let l(g) = -g**2 - 8*g - 4. Let z be l(-6). Calculate p(z).
5
Let i(z) = z**2 - 68*z + 134. Let v be i(2). Let o(b) = b**2 + b - 1. Let g(k) = 8*k**2 + 4*k - 4. Let u(a) = g(a) - 5*o(a). Calculate u(v).
11
Let j(b) = -b**2 + 3. Let f(t) = 2*t**2 - 7. Let c(n) = -2*f(n) - 5*j(n). Suppose 271 - 247 = -12*a. Calculate c(a).
3
Let q(m) = -m**3 + 13*m**2 - 23*m - 11. Suppose -4*k = -1 - 43. Calculate q(k).
-22
Let t(j) be the first derivative of -36*j + 1/6*j**3 + 1/20*j**5 - 1/2*j**4 - j**2 - 19. Let y(l) be the first derivative of t(l). Determine y(6).
4
Let o(q) = 32*q**3 - 56*q**2 - 49*q + 77. Let u(f) = 5*f**3 - 9*f**2 - 8*f + 13. Let c(l) = -2*o(l) + 13*u(l). Calculate c(6).
15
Let q(m) = 8*m + 10. Let a(n) = -49*n + 2494. Let b be a(51). Give q(b).
-30
Let h(o) = 6*o**2 + 3*o**2 + 784*o**3 - 5*o - 783*o**3 + o + o - 1. What is h(-8)?
87
Let x(h) = -4 - 5 + 594*h - 1 - 1182*h + 587*h. Calculate x(-1).
-9
Suppose -4*x + 1 = -15. Suppose 0 = 3*c + x*s - 6, -s + 3 + 4 = -2*c. Let b(v) = -4*v - 1. Let g(u) = u. Let t(n) = 2*b(n) + 7*g(n). Give t(c).
0
Let m(h) = 42*h**3 - 19*h**2 + 38*h - 85. Let o(n) = -13*n**3 + 6*n**2 - 12*n + 28. Let f(a) = 4*m(a) + 13*o(a). Calculate f(3).
3
Let p(u) be the first derivative of -u**3/3 - 11*u**2/2 - 6*u - 124. Let h = 104 - 115. Determine p(h).
-6
Let u = 13 - 8. Let j(a) be the first derivative of a**6/360 - a**5/20 + a**4/4 - 554*a**3/3 - 139. Let y(n) be the third derivative of j(n). Calculate y(u).
1
Let y(z) = 360*z**3 + 351*z**3 + 4 - 9*z**2 - 1056*z**3 + 344*z**3. Calculate y(-9).
4
Suppose -26 = -4*r + 6. Let u = -32 + 34. Let b(s) = -s - 7 + 10*s + 7*s**2 - s**3 - s + 0*s**u. Calculate b(r).
-7
Let u be 416/39 + -10 + (-224)/(-6). Let z(s) = 1 - u*s - 56*s + 107*s. What is z(-1)?
-12
Suppose -5*p + 38 = -t, 3*p - t = -0*t + 24. Suppose 50*b = 776 + 24. Let d(x) = x**2 - b*x**2 + p*x**2 + 9*x**2. Give d(-2).
4
Let r(z) be the first derivative of -9/2*z**2 + 0*z**3 - 1/24*z**4 - 38 + 0*z. Let p(d) be the second derivative of r(d). Determine p(-5).
5
Let o(w) be the third derivative of 0 + 2/3*w**3 + 0*w + 62*w**2 + 5/24*w**4. Suppose -4*g + 16 = -2*u - 0*g, -u - g - 5 = 0. What is o(u)?
-26
Let t(x) be the second derivative of x**4/12 + 25*x**3/6 - 15*x**2 + 39*x + 2. Determine t(-26).
-4
Suppose 5*z + 16 = 5*b - 4, -5*z + 20 = 5*b. Let k(x) = x**3 - x**2 - 3*x + 6. Let q(w) = w**3 - w**2 - 4*w + 7. Let y(u) = -3*k(u) + 2*q(u). Determine y(z).
-4
Let b(a) = 2*a**3 + 10*a**2 + 9*a + 6. Let d be b(-4). Suppose -2*s - k + 2 = 0, 2*s - 4*s = -k + d. Let h(c) = -c**2 + c + 24. Determine h(s).
24
Let l(w) = 38*w**3 - 18*w - 10. Let q(g) = 17*g**3 - g**2 - 8*g - 5. Let z(k) = -4*l(k) + 9*q(k). Calculate z(8).
-69
Let b(g) = -8*g - 2. Let l = 82 - 82. Suppose 7*y + 6 + 1 = l. Calculate b(y).
6
Let j(z) be the third derivative of 5*z**4/12 + 7*z**3/3 + 3*z**2 + 39*z + 2. Determine j(5).
64
Suppose -15*f - 90 = -21*f. Suppose a + 1 - f = 0. Suppose 4 - a = -2*m. Let v(x) = x**3 - 5*x**2 - 3*x - 3. What is v(m)?
-18
Let s(t) = -t**2. Let z(m) = 7*m**2 - 2*m + 2. Let b(c) = 2*s(c) + z(c). Let a be b(2). Suppose 0 = -2*n - 12 + a. Let i(p) = p**2 - 5*p + 2. Calculate i(n).
-4
Suppose 52*j + 75 = 46 + 133. Let p(a) be the third derivative of -a**4/4 - 2*a**2. Give p(j).
-12
Let i(x) be the third derivative of x**6/120 + 3*x**5/20 + x**4/4 - 5*x**3/3 + 9166*x**2 - 1. Let s = -6 + -2. Give i(s).
6
Let c(v) = 16*v + 